5).
-1
Let m(w) = w - 46. Calculate m(26).
-20
Let z(g) = -4*g**3 + g**2 - 5*g + 17. What is z(3)?
-97
Let b(d) = d**3 - 6*d**2 + 21. What is b(6)?
21
Let a(k) = 2*k**3 - 5*k - 4. What is a(-2)?
-10
Let g(s) = -s**3 + 6*s**2 - 3*s + 7. Give g(6).
-11
Let h(r) = -r**3 + r**2 + 5*r + 3. Calculate h(3).
0
Let q(g) = 10*g**3 + g**2 + 2*g + 2. Give q(-1).
-9
Let d(z) = -z**3 - z**2 + 11*z + 6. Determine d(-4).
10
Let s(c) = -7*c**2 - 4*c - 6. Calculate s(-1).
-9
Let l(h) = h**2 - 6*h - 4. What is l(10)?
36
Let r(u) = u + 12. What is r(2)?
14
Let j(a) = -a**2 - 17*a - 4. Give j(-16).
12
Let d(a) = -35*a - 176. Give d(-5).
-1
Let t(g) = -3*g - 19. Give t(-12).
17
Let i(n) = -4*n - 30. Determine i(-7).
-2
Let n(r) = r**3 - 4*r**2 - 14*r + 13. Determine n(6).
1
Let b(q) = -7*q - 32. Give b(-11).
45
Let y(c) = 3*c**2 - c - 31. Calculate y(-3).
-1
Let k(s) = 4*s**3 + s**2 - 5*s + 1. Calculate k(2).
27
Let b(j) = j - 9. Calculate b(7).
-2
Let h(f) = f**2 + 6*f + 1. Determine h(-2).
-7
Let r(o) = o**3 + 2*o**2 - 2*o - 2. Give r(-1).
1
Let d(x) = -3*x - 23. What is d(-7)?
-2
Let t(s) = -s**2 - 9*s - 1. Calculate t(-10).
-11
Let n(o) = -7*o - 4. Determine n(0).
-4
Let u(z) = 7*z + 30. Give u(-3).
9
Let v(y) = y + 18. Calculate v(9).
27
Let v(w) = -w**2 + 30*w + 9. Give v(27).
90
Let i(z) = -2*z + 15. What is i(10)?
-5
Let a(c) = -2*c**3 + 12*c**2 - 6*c + 16. What is a(6)?
-20
Let j(z) = -3*z**2 + 9*z + 7. Give j(7).
-77
Let z(x) = -x**2 + 13*x + 24. Give z(0).
24
Let x(q) = -q**3 - 3*q**2 - 4*q + 4. Determine x(-4).
36
Let t(f) = -3*f - 29. Calculate t(-15).
16
Let u(c) = -c**3 + 6*c**2 - 6*c + 6. What is u(4)?
14
Let v(s) = -s**3 - 6*s**2 - 5*s - 2. Calculate v(-4).
-14
Let c(m) = m**3 + 3*m**2 + 2*m + 5. Determine c(-4).
-19
Let d(m) = 2*m**2 + 4*m - 71. Calculate d(-8).
25
Let q(k) = 6*k - 1. Calculate q(-3).
-19
Let d(m) = 3*m**3 + m**2 + 4*m + 2. Calculate d(-1).
-4
Let q(d) = -2*d**3 + 7*d**2 + 5*d + 2. Determine q(4).
6
Let k(v) = 6*v - 153. Calculate k(26).
3
Let a(y) = -28*y**2 - 12*y - 11. Give a(-1).
-27
Let x(u) = -u**3 - 5*u**2 - 3. Calculate x(-3).
-21
Let u(k) = k**2 + 11*k - 19. Calculate u(-13).
7
Let g(h) = 2*h + 12. Determine g(5).
22
Let c(b) = b**3 - 20*b**2 - 47*b + 54. Give c(22).
-12
Let l(y) = -20*y**2 - 8*y - 5. Determine l(-1).
-17
Let l(z) = z**2 - 17*z - 24. Determine l(18).
-6
Let f(n) = 10*n**2 + 2*n + 1. Determine f(2).
45
Let v(j) = -j**2 - 4*j + 31. Determine v(5).
-14
Let y(c) = 3*c**3 - 39*c**2 - 10. Give y(13).
-10
Let t(c) = -c**3 + 6*c**2 + 3*c - 9. Give t(6).
9
Let g(a) = 2*a**2 - 11*a - 13. Give g(-1).
0
Let o(c) = -c**2 + 14*c - 7. Determine o(13).
6
Let w(u) = -u**2 - 8*u - 12. Determine w(-5).
3
Let l(g) = -g**2 + 25*g + 56. What is l(26)?
30
Let l(u) = -3*u**2 - 5*u - 5. What is l(-4)?
-33
Let n(d) = -7*d**3 + 5*d**2 - 3*d - 1. What is n(1)?
-6
Let s(m) = -2*m**3 - 11*m**2 + 20*m + 4. What is s(-7)?
11
Let i(v) = -v**3 + 27*v**2 - 25*v + 7. Determine i(26).
33
Let d(g) = g**3 + 8*g**2 - 2. Calculate d(-8).
-2
Let a(k) = k**3 - 22*k**2 + 2*k - 7. Calculate a(22).
37
Let z(k) = -k**2 - 10*k - 8. Give z(-11).
-19
Let s(q) = 5*q + 2. Calculate s(-3).
-13
Let y(u) = 2*u**2 + 6*u + 1. Calculate y(-4).
9
Let u(h) = -5*h**2 - 14*h + 42. What is u(2)?
-6
Let f(z) = -z + 14. Determine f(9).
5
Let n(x) = -x**3 + 15*x**2 - 27*x + 27. Calculate n(13).
14
Let o(l) = 2*l**3 - 5*l**2 + 4*l - 1. What is o(3)?
20
Let b(j) = j**2 + 3*j - 5. Determine b(4).
23
Let h(m) = -m**2 + 21*m - 91. Give h(15).
-1
Let z(q) = 31*q - 1. Determine z(-1).
-32
Let b(d) = d**2 - 6*d + 11. What is b(5)?
6
Let s(y) = -y**2 - 25*y - 124. What is s(-7)?
2
Let h(p) = -8*p**2 + 3*p - 1. Determine h(2).
-27
Let r(o) = 6*o + 5. What is r(-5)?
-25
Let s(z) = -9*z + 3. Calculate s(-3).
30
Let y(d) = d - 1. Calculate y(3).
2
Let a(k) = k**3 + 10*k**2 - 10*k + 10. Give a(-11).
-1
Let u(p) = -4*p + 10. Calculate u(-5).
30
Let y(d) = d**3 + 10*d**2 - 12. Calculate y(-10).
-12
Let r(p) = -p**3 + 3*p**2 + 2*p + 7. Give r(4).
-1
Let f(o) = o**2 - 20*o + 29. What is f(21)?
50
Let z(k) = -k**2 - 11*k - 3. Calculate z(-9).
15
Let z(f) = f - 12. Determine z(0).
-12
Let r(k) = -k**3 + 5*k**2 + 5*k + 1. Determine r(6).
-5
Let b(a) = a**3 + 8*a**2 + 12*a + 8. Determine b(-6).
8
Let g(z) = -z**3 + 11*z**2 + 13*z + 14. Determine g(12).
26
Let r(g) = -g**3 + 4*g**2 + 9*g + 11. Calculate r(6).
-7
Let n(p) = 12*p - 34. Determine n(-3).
-70
Let m(i) = i**2 - 17*i + 14. What is m(11)?
-52
Let q(f) = f**2 - 12*f - 9. Calculate q(9).
-36
Let i(t) = t**2 + t + 11. Calculate i(-2).
13
Let v(z) = z**3 + 7*z**2 - 2*z - 51. Calculate v(-6).
-3
Let k(b) = 7*b**2 + 2*b - 1. What is k(2)?
31
Let l(g) = -82*g - 6. What is l(-1)?
76
Let b(u) = -u + 3. Determine b(9).
-6
Let n(q) = -q**2 + 19*q + 5. Calculate n(17).
39
Let c(n) = 9*n - 390. Give c(46).
24
Let o(b) = -b**3 + 7*b**2 - 7*b + 46. Determine o(7).
-3
Let k(u) = -3*u - 13. Determine k(-7).
8
Let o(r) = r**3 + 28*r**2 + 7. Give o(-28).
7
Let o(j) = -16*j + 246. Give o(15).
6
Let h(r) = -r + 33. What is h(0)?
33
Let d(p) = p**2 - 13*p + 8. Calculate d(10).
-22
Let s(l) = -14*l - 8. What is s(-1)?
6
Let u(s) = 2*s**2 - 3*s + 26. What is u(0)?
26
Let a(g) = -g**3 - 8*g**2 - 6*g - 4. What is a(-7)?
-11
Let t(o) = -o**2 - 18*o + 66. Calculate t(-21).
3
Let s(g) = g**2 + 21*g + 25. Calculate s(-19).
-13
Let x(i) = -i**2 - 8. Determine x(-5).
-33
Let n(u) = -u**3 - 13*u**2 - 16*u - 55. Give n(-12).
-7
Let v(a) = -6*a + 23. Give v(12).
-49
Let c(k) = -9*k + 4. Determine c(-1).
13
Let c(h) = -h**3 + 7*h**2 + 8*h + 7. Determine c(8).
7
Let t(m) = -m**3 + 6*m**2 - 4*m + 1. What is t(6)?
-23
Let d(v) = -25*v + 82. Calculate d(4).
-18
Let b(x) = 2*x - 14. Determine b(9).
4
Let f(t) = -8*t**2 - t. Determine f(1).
-9
Let p(y) = y**2 - 3*y - 5. Determine p(5).
5
Let b(l) = l**2 + 13*l - 14. Give b(-13).
-14
Let o(x) = -x**2 + x + 1. Give o(-3).
-11
Let w(t) = 82*t - 330. Determine w(4).
-2
Let t(d) = -d - 3. Calculate t(-3).
0
Let v(t) = 25*t - 310. Give v(13).
15
Let k(z) = z**2 + 48*z + 473. Calculate k(-14).
-3
Let y(u) = -5*u**2 - 44*u + 9. What is y(-9)?
0
Let g(s) = -2*s + 38. Give g(7).
24
Let t(u) = 74*u + 512. Calculate t(-7).
-6
Let a(q) = -q**2 - 7*q - 10. What is a(-6)?
-4
Let v(n) = n**2 + 8*n + 10. Give v(-13).
75
Let q(g) = g**2 - 6. Give q(-3).
3
Let c(k) = -4*k**2 - 2*k + 1. Calculate c(2).
-19
Let j(z) = 8*z**2 - 23*z + 41. What is j(2)?
27
Let q(a) = a**3 - 4*a**2 + 3*a - 9. Calculate q(4).
3
Let m(g) = 11*g**2 - 4*g. What is m(-1)?
15
Let b(r) = r**3 + 19*r**2 + r + 8. Calculate b(-19).
-11
Let m(u) = -3*u**2 - 51*u - 2. Determine m(-17).
-2
Let k(z) = z + 13. Calculate k(-14).
-1
Let p(k) = 2*k**2 - 2*k - 6. Calculate p(3).
6
Let v(h) = -2*h**2 - 10*h + 11. Determine v(2).
-17
Let x(n) = n**2 + 4*n + 1. Calculate x(-4).
1
Let w(z) = z**3 - 10*z**2 + 8*z + 8. What is w(9)?
-1
Let o(d) = d**2 + 31*d + 94. What is o(-28)?
10
Let k(g) = g**3 + 9*g**2 + g + 15. Give k(-9).
6
Let l(x) = x**3 + 2*x**2 - 3*x - 2. Calculate l(-3).
-2
Let y(d) = -d**2 + 11*d - 23. Determine y(11).
-23
Let t(k) = k**3 - 3*k**2 - 4*k + 4. Give t(3).
-8
Let i(g) = -2*g**2 + 86*g - 99. What is i(42)?
-15
Let w(y) = 3*y - 2. Give w(-5).
-17
Let f(x) = 40*x**2 - 207*x. Calculate f(5).
-35
Let p(t) = -158*t - 485. Give p(-3).
-11
Let d(g) = -g**3 + 3*g**2 + 5*g + 1. Determine d(4).
5
Let l(m) = 5*m - 28. Calculate l(9).
17
Let v(t) = -t**2 + 10*t + 23. What is v(12)?
-1
Let q(m) = m**3 - 9*m**2 - 4*m + 8. Give q(10).
68
Let n(u) = u**2 - 9*u - 54. Give n(13).
-2
Let m(w) = 4*w - 3. What is m(2)?
5
Let u(a) = 4*a**2 + 22*a - 27. What is u(-6)?
-15
Let l(d) = -9*d**2 - 2*d + 3. Determine l(2).
-37
Let o(y) = -10*y + 1. Determine o(-1).
11
Let j(w) = -w**2 - 2*w + 106. What is j(-11)?
7
Let f(v) = -5*v - 77. Give f(-15).
-2
Let m(q) = -q**2 + 11*q + 22. What is m(11)?
22
Let k(d) = d**2 + 14*d - 23. Give k(-15).
-8
Let s(q) = -q - 1. What is s(-11)?
10
Let i(j) = 5*j**3 - j**2 + 2*j - 1. Determine i(1).
5
Let j(v) = -3*v**2 + v. Determine j(-1).
-4
Let o(m) = -60*m + 41. Give o(1).
-19
Let g(a) = a**2 - a + 7. Calculate g(-6).
49
Let g(c) = -c**2 - c - 6. Determine g(2).
-12
Let l(o) = 15*o. Determine l(-1).
-15
Let k(q) = -q**3 - q**2 + q + 5. Give k(0).
5
Le